e of 7?
False
Is 3597 a factor of 253604921?
False
Is 1835273827 a multiple of 11?
False
Is 268 a factor of 4172575?
False
Does 137 divide 81185104?
True
Does 1532 divide 286066915?
False
Is 558 a factor of 58929867?
False
Is 147686963 a multiple of 1062?
False
Is 808061325 a multiple of 2675?
True
Is 386407429 a multiple of 161?
False
Is 217083291 a multiple of 389?
False
Is 88538965 a multiple of 185?
True
Is 9555 a factor of 827466295?
False
Does 36 divide 519264?
True
Is 519020988 a multiple of 7822?
True
Is 407 a factor of 44157058?
True
Is 518217037 a multiple of 377?
True
Does 14 divide 23956478?
True
Is 174521618 a multiple of 786?
False
Is 65327977 a multiple of 189?
False
Is 325260657 a multiple of 2542?
False
Does 80 divide 81103246?
False
Does 4296 divide 58111992?
True
Is 1503 a factor of 160708275?
True
Is 526193660 a multiple of 3?
False
Is 4772277562 a multiple of 13?
True
Is 475 a factor of 196944975?
True
Is 125 a factor of 31828980?
False
Is 36835220 a multiple of 199?
False
Is 497413320 a multiple of 20?
True
Is 38873240 a multiple of 175?
False
Is 134151999 a multiple of 4595?
False
Is 11177568 a multiple of 918?
True
Is 2128218976 a multiple of 416?
True
Is 317113290 a multiple of 13?
True
Does 16 divide 3957534493?
False
Does 473 divide 3117650?
False
Is 35 a factor of 37332604?
False
Does 1174 divide 63886732?
True
Is 20 a factor of 5330520?
True
Is 57198555 a multiple of 4833?
True
Is 54175324 a multiple of 315?
False
Is 134251768 a multiple of 2786?
True
Is 1131625152 a multiple of 2928?
True
Does 18 divide 448838266?
False
Is 13 a factor of 96968976?
True
Is 1402911222 a multiple of 1654?
True
Does 526 divide 228989892?
True
Is 394790740 a multiple of 3265?
True
Is 216341098 a multiple of 360?
False
Is 781159002 a multiple of 215?
False
Does 56 divide 14408550?
False
Is 2391 a factor of 369491655?
False
Is 74414140 a multiple of 713?
False
Is 498399 a multiple of 4?
False
Is 1119463270 a multiple of 12?
False
Is 576 a factor of 1299198620?
False
Is 2785865 a multiple of 7?
False
Is 49574160 a multiple of 16?
True
Is 10370635 a multiple of 37?
False
Is 38 a factor of 3242046?
True
Does 29 divide 428356622?
True
Does 2083 divide 182979052?
True
Does 4 divide 4850226?
False
Is 517 a factor of 1715768934?
True
Does 9 divide 13308112?
False
Is 221884610 a multiple of 10?
True
Does 679 divide 8967734?
False
Is 346 a factor of 3453287600?
True
Does 367 divide 16290396?
True
Does 30 divide 33713250?
True
Does 10 divide 61138940?
True
Does 17 divide 372482206?
True
Is 1665 a factor of 583116913?
False
Is 55 a factor of 10177223?
False
Is 193665888 a multiple of 12?
True
Is 223 a factor of 233346308?
True
Is 459214475 a multiple of 25?
True
Is 17243953 a multiple of 13?
False
Is 872 a factor of 651972395?
False
Does 17 divide 33240780?
True
Does 15 divide 939060?
True
Is 5 a factor of 319375894?
False
Is 5842 a factor of 89337820?
False
Is 274682216 a multiple of 168?
False
Is 35 a factor of 165700136?
False
Does 1596 divide 72713760?
True
Is 1014 a factor of 144041081?
False
Is 129 a factor of 161784003?
False
Is 333205300 a multiple of 540?
False
Does 167 divide 15433961?
False
Does 847 divide 18475970?
False
Does 9 divide 28427877?
True
Is 12 a factor of 107975172?
True
Does 3 divide 10468850?
False
Does 1921 divide 1742664800?
False
Is 100 a factor of 307187700?
True
Is 4886 a factor of 8835672?
False
Is 228218495 a multiple of 770?
False
Does 229 divide 30755904?
False
Is 114 a factor of 37455129?
False
Is 8412998 a multiple of 22?
True
Is 11699484 a multiple of 364?
False
Is 100860123 a multiple of 41?
True
Does 28 divide 1523631616?
False
Does 13 divide 36038043?
False
Is 22267880 a multiple of 1570?
False
Is 399628432 a multiple of 4319?
True
Is 863300152 a multiple of 26?
True
Is 357942384 a multiple of 12?
True
Does 23 divide 1546356293?
False
Does 158 divide 213189900?
False
Does 5887 divide 2002833931?
True
Does 56 divide 883960?
True
Is 17500665 a multiple of 39?
True
Does 269 divide 13614628?
True
Is 531 a factor of 1907556966?
True
Is 110 a factor of 60322020?
True
Does 13 divide 47168888?
True
Is 626076679 a multiple of 200?
False
Is 98764380 a multiple of 390?
True
Is 85 a factor of 568345847?
False
Is 48212120 a multiple of 110?
True
Does 183 divide 140825501?
False
Is 648544594 a multiple of 5533?
False
Is 11664832 a multiple of 32?
True
Does 128 divide 3862649472?
True
Is 631 a factor of 300468836?
False
Does 2 divide 447248661?
False
Is 275 a factor of 314743275?
True
Is 1494 a factor of 1271434871?
False
Does 202 divide 141414746?
True
Is 18767880 a multiple of 36?
True
Does 4139 divide 1890287976?
False
Is 4456082 a multiple of 493?
False
Is 70 a factor of 604566725?
False
Is 68 a factor of 20580336?
True
Is 63092367 a multiple of 2513?
False
Is 87 a factor of 106286402?
False
Is 1170110480 a multiple of 1435?
True
Does 24 divide 418570417?
False
Does 453 divide 395540121?
True
Is 20089689 a multiple of 292?
False
Is 45973424 a multiple of 658?
False
Is 6450135 a multiple of 3?
True
Is 12 a factor of 27772222?
False
Does 80 divide 41124168?
False
Is 3994459440 a multiple of 8405?
True
Is 1750128 a multiple of 48?
True
Does 2178 divide 443663615?
False
Does 1057 divide 91395918?
False
Is 698 a factor of 54304400?
True
Is 1389 a factor of 1573586988?
True
Is 33 a factor of 951284145?
False
Is 471257 a multiple of 2115?
False
Is 237 a factor of 133410852?
False
Is 18 a factor of 19926253?
False
Is 1517438848 a multiple of 358?
True
Is 27 a factor of 3911219857?
False
Is 1618 a factor of 35319322?
True
Is 25249096 a multiple of 296?
True
Is 6851 a factor of 87131018?
True
Is 146961654 a multiple of 25?
False
Does 2295 divide 1591562858?
False
Is 217260 a multiple of 255?
True
Does 299 divide 183231858?
False
Does 83 divide 150756516?
False
Is 1286333274 a multiple of 1050?
False
Does 8 divide 12170424?
True
Is 7771877 a multiple of 2?
False
Does 367 divide 398114079?
False
Is 38094071 a multiple of 193?
False
Is 102 a factor of 800390226?
True
Is 17331192 a multiple of 164?
True
Is 672503080 a multiple of 91?
False
Is 1826 a factor of 1248772184?
True
Does 7 divide 32598202?
True
Is 695488287 a multiple of 155?
False
Is 54 a factor of 409056372?
True
Does 38 divide 150414564?
True
Is 104 a factor of 1058371374?
False
Is 47 a factor of 596419007?
False
Is 756862976 a multiple of 856?
False
Is 859839129 a multiple of 3?
True
Is 1000336731 a multiple of 276?
False
Is 96500 a multiple of 24?
False
Is 2039526053 a multiple of 6826?
False
Does 135 divide 275383260?
True
Is 1401667400 a multiple of 14?
True
Does 1043 divide 40775352?
False
Does 6 divide 342879?
False
Is 437474804 a multiple of 43?
False
Is 7357133043 a multiple of 1431?
True
Is 677 a factor of 24401788?
True
Is 63953148 a multiple of 307?
False
Is 755703380 a multiple of 2195?
True
Is 570 a factor of 177809211?
False
Is 30657108 a multiple of 76?
True
Is 50 a factor of 69112500?
True
Is 95101796 a multiple of 14?
False
Is 187373055 a multiple of 238?
False
Is 134769407 a multiple of 41?
False
Is 1093 a factor of 1369732?
False
Does 16 divide 21094224?
True
Does 274 divide 45476328?
True
Is 6 a factor of 76983846?
True
Is 402476704 a multiple of 2118?
False
Is 100 a factor of 3362500?
True
Is 5 a factor of 725998035?
True
Is 250282159 a multiple of 1598?
False
Is 1576500397 a multiple of 20?
False
Is 6722183 a multiple of 3?
False
Does 6857 divide 3044508000?
True
Is 124525700 a multiple of 13?
True
Is 991 a factor of 385212768?
False
Does 3452 divide 186687325?
False
Is 16544372 a multiple of 394?
False
Is 7819991 a multiple of 53?
True
Is 2323541977 a multiple of 1223?
False
Is 3 a factor of 19554464?
False
Is 1679 a factor of 3062125553?
False
Is 2065 a factor of 13688885?
True
Is 31 a factor of 60581585?
False
Is 82565784 a multiple of 49?
True
Does 630 divide 3215253510?
True
Is 6409 a factor of 697725583?
False
Is 2593430400 a multiple of 160?
True
Is 1187844230 a multiple of 34?
True
Is 29827818 a multiple of 27?
True
Is 603045372 a multiple of 138?
True
Does 780 divide 114867480?
True
Does 29 divide 193149425?
True
Does 18 divide 1040022?
True
Is 506 a factor of 1315061616?
True
Is 744 a factor of 97844928?
True
Does 19 divide 41495468?